to base 3
-2202101
Convert 41530 (base 6) to base 7.
22215
Convert -330 (base 7) to base 16.
-a8
What is -5227 (base 8) in base 9?
-3642
Convert 8a80 (base 12) to base 11.
105a4
Convert 478 (base 16) to base 9.
1511
-1437 (base 16) to base 9
-7080
-1205 (base 7) to base 13
-284
5044 (base 11) to base 6
51011
What is -110041 (base 8) in base 13?
-13a43
What is 407 (base 11) in base 8?
753
70 (base 13) to base 12
77
-7067 (base 10) to base 7
-26414
What is 20020101 (base 3) in base 5?
121141
-102 (base 6) to base 10
-38
What is -3262 (base 7) in base 5?
-14141
Convert -72ce (base 15) to base 7.
-130520
What is -33150 (base 6) in base 9?
-6273
Convert 102222010 (base 3) to base 8.
21024
-652 (base 8) to base 9
-523
What is -101110 (base 2) in base 7?
-64
Convert 11101101 (base 2) to base 5.
1422
-2398 (base 10) to base 4
-211132
-32ba (base 16) to base 2
-11001010111010
Convert 11010000000 (base 2) to base 3.
2021122
What is -3620 (base 12) in base 3?
-22022220
What is 10201121121 (base 3) in base 9?
121547
8b (base 15) to base 6
335
What is -332 (base 9) in base 16?
-110
755 (base 9) to base 15
2b2
What is 5582 (base 15) in base 7?
103556
2a72 (base 11) to base 9
5370
1020101 (base 3) to base 4
32011
Convert 19448 (base 11) to base 14.
9c7a
What is 44101 (base 7) in base 9?
16111
What is -361 (base 7) in base 12?
-13a
Convert 4a23 (base 14) to base 5.
403332
What is 7357 (base 8) in base 9?
5217
-11d6 (base 16) to base 13
-2103
220 (base 7) to base 14
80
-700 (base 8) to base 5
-3243
What is -8169 (base 11) in base 14?
-3d48
-112111 (base 3) to base 7
-1066
Convert 1161 (base 12) to base 11.
1509
Convert -21200011 (base 3) to base 12.
-32a1
-21221 (base 4) to base 7
-1541
What is -10013 (base 5) in base 13?
-399
What is 289d (base 14) in base 6?
53151
-2530 (base 9) to base 11
-1469
What is 4122 (base 5) in base 2?
1000011001
6197 (base 10) to base 14
2389
What is 1011001 (base 2) in base 3?
10022
1b93 (base 13) to base 4
1001100
Convert -3e5 (base 16) to base 6.
-4341
-11111110001 (base 2) to base 16
-7f1
3221122 (base 4) to base 15
465d
876 (base 13) to base 8
2651
What is -3401 (base 12) in base 11?
-4368
What is -321143 (base 6) in base 8?
-63127
What is -111530 (base 6) in base 15?
-2c26
1361 (base 7) to base 12
385
-11100 (base 4) to base 9
-413
4221 (base 14) to base 5
331042
What is -224113 (base 5) in base 12?
-4795
-b30 (base 13) to base 9
-2538
What is -31223 (base 5) in base 6?
-13315
What is 314030 (base 7) in base 8?
151707
197 (base 16) to base 12
29b
Convert 299 (base 12) to base 14.
20d
Convert -102110222 (base 3) to base 2.
-10000010110001
What is 1011000000000 (base 2) in base 3?
21201121
304 (base 5) to base 12
67
What is 1527 (base 8) in base 12?
5b3
-6843 (base 13) to base 2
-11100011111101
Convert -42205 (base 6) to base 5.
-140233
Convert -3897 (base 11) to base 16.
-13cb
What is -3113100 (base 4) in base 8?
-32720
11306 (base 8) to base 7
20004
Convert b031 (base 12) to base 16.
4a65
-121645 (base 7) to base 13
-a1aa
What is 1120011120 (base 3) in base 6?
354153
What is -61706 (base 10) in base 3?
-10010122102
What is -1526 (base 7) in base 4?
-21200
What is 2070 (base 8) in base 14?
572
Convert 27852 (base 9) to base 7.
106106
What is 264 (base 14) in base 7?
1254
Convert 114220 (base 8) to base 9.
58515
What is -a3 (base 12) in base 9?
-146
Convert -222215 (base 6) to base 15.
-57de
-13440 (base 5) to base 9
-1474
1101010100000 (base 2) to base 11
5137
Convert -5004 (base 7) to base 14.
-8ab
211201 (base 3) to base 13
382
-100000 (base 4) to base 13
-60a
Convert 347 (base 16) to base 9.
1132
-3121 (base 5) to base 10
-411
What is -148b (base 16) in base 14?
-1cb9
What is -1c54 (base 15) in base 16?
-180a
What is -1342 (base 5) in base 14?
-11c
What is -1223414 (base 5) in base 2?
-101110000111001
200001 (base 3) to base 13
2b6
What is 10a0 (base 15) in base 12?
2059
-55a3 (base 13) to base 2
-10111010111011
Convert -1b72 (base 12) to base 8.
-6506
Convert -1711 (base 12) to base 5.
-41444
Convert 603 (base 8) to base 14.
1d9
Convert 40 (base 12) to base 6.
120
Convert -4767 (base 8) to base 7.
-10303
Convert 340 (base 14) to base 7.
1610
110011111111 (base 2) to base 6
23223
Convert 950 (base 11) to base 5.
14034
Convert -2500 (base 6) to base 11.
-507
What is 17580 (base 9) in base 16?
2f6d
What is 102111 (base 3) in base 4?
10312
Convert -1012 (base 5) to base 4.
-2010
What is 4880 (base 10) in base 11?
3737
-2322 (base 4) to base 13
-114
What is a (base 16) in base 10?
10
1777 (base 8) to base 14
531
-100100001111001 (base 2) to base 3
-221110011
-2629 (base 10) to base 8
-5105
-428 (base 11) to base 2
-1000000010
What is -40b (base 14) in base 8?
-1433
-201100 (base 3) to base 11
-435
Convert 181 (base 9) to base 10.
154
b5a (base 13) to base 16
78e
4300 (base 5) to base 3
210022
Convert 462 (base 7) to base 15.
110
What is -3bb (base 16) in base 2?
-1110111011
Convert -101110110 (base 2) to base 9.
-455
Convert 1201222122 (base 3) to base 2.
1000010111001101
-433 (base 10) to base 2
-110110001
Convert -41615 (base 9) to base 6.
-331105
What is 338 (base 12) in base 6?
2112
What is -1a00 (base 12) in base 11?
-2420
Convert 140 (base 16) to base 10.
320
What is -20210 (base 4) in base 14?
-2b2
2ad7 (base 14) to base 2
1110111010101
Convert -22404 (base 5) to base 12.
-b18
What is -45075 (base 8) in base 7?
-106260
Convert -232 (base 5) to base 8.
-103
What is -2544 (base 12) in base 14?
-1780
-1010000011111000 (base 2) to base 12
-1ba20
Convert -11331 (base 9) to base 8.
-16611
1769 (base 11) to base 8
4315
What is 212012 (base 3) in base 9?
765
Convert 243a6 (base 12) to base 4.
23330232
What is 2122 (base 4) in base 10?
154
1761 (base 10) to base 7
5064
What is -104 (base 6) in base 8?
-50
Convert 5340 (base 10) to base 9.
7283
What is -2da (base 14) in base 16?
-248
64a (base 14) to base 7
3423
Convert -a42b (base 12) to base 11.
-12495
-1423334 (base 5) to base 10
-29844
What is 112200 (base 3) in base 6?
1500
What is -1011110011 (base 2) in base 7?
-2126
What is 2111102 (base 4) in base 14?
36a6
What is 60404 (base 9) in base 7?
223504
What is 51 (base 13) in base 6?
150
342 (base 9) to base 15
13b
What is -1055 (base 12) in base 14?
-921
82b (base 14) to base 5
22412
-23634 (base 7) to base 4
-1200012
Convert 35 (base 15) to base 2.
110010
Convert 631 (base 13) to base 10.
1054
What is 2201121 (base 4) in base 9?
15146
105525 (base 8) to base 16
8b55
Convert 2e50 (base 16) to base 9.
17233
Convert -2405 (base 9) to base 8.
-3373
-7226 (base 12) to base 6
-133250
Convert 1114 (base 6) to base 3.
100201
1213 (base 11) to base 2
11000110011
24a (base 16) to base 8
1112
Convert 85bb (base 13) to base 9.
27428
What is 225 (base 6) in base 8?
131
What is 1ac (base 13) in base 3?
102112
-29f6 (base 16) to base 15
-32b2
Convert 14430 (base 5) to base 12.
874
What is 233220 (base 7) in base 16?
a3e6
-2211320 (base 5) to base 14
-dd83
What is -3588 (base 9) in base 14?
-d8c
What is -405 (base 11) in base 8?
-751
What is 3397 (base 13) in base 9?
10814
What is 111234 (base 6) in base 13?
4369
Convert -111332 (base 5) to base 6.
-30211
What is -110110011 (base 2) in base 11?
-366
Convert -154 (base 9) to base 2.
-10000010
2141 (base 7) to base 8
1374
Convert 53000 (base 6) to base 2.
1101111011000
101011001 (base 2) to base 6
1333
What is 18913 (base 11) in base 12?
13334
Convert 32035 (base 6) to base 16.
10f7
Convert -187 (base 9) to base 14.
-b6
Convert -59c (base 13) to base 7.
-2561
Convert 120 (base 9) to base 10.
99
What is -1411 (base 16) in base 11?
-3950
Convert -20ac6 (base 14) to base 16.
-13476
Convert -1330200 (base 4) to base 8.
-17440
What is 22333 (base 5) in base 10?
1593
-62422 (base 8) to base 4
-12110102
What is -851 (base 13) in base 5?
-21133
Convert -4a3 (base 11) to base 3.
-211010
-191e (base 16) to base 13
-2c08
-12455 (base 6) to base 14
-9a3
1113 (base 10) to base 3
1112020
What is -1342c (base 13) in base 12?
-1890a
Convert -20222330 (base 4) to base 7.
-205355
Convert -3567 (base 9) to base 5.
-41103
What is 24501 (base 10) in base 7?
131301
1c0 (base 16) to base 6
2024
What is -23 (base 9) in base 16?
-15
221100 (base 3) to base 16
2ac
Convert 14042 (base 11) to base 3.
1000110011
-301